vert 41628 (base 10) to base 15.
c503
What is 312030 (base 5) in base 16?
2819
10 (base 7) to base 11
7
Convert -a608 (base 11) to base 13.
-6514
31213 (base 4) to base 14
463
What is 1322230 (base 4) in base 15?
24d7
Convert 365a (base 13) to base 7.
31251
What is 3298 (base 15) in base 8?
24736
235340 (base 6) to base 13
9528
What is -3311 (base 6) in base 12?
-537
What is 651 (base 14) in base 13?
74c
What is 24c (base 14) in base 6?
2044
Convert -27476 (base 8) to base 13.
-5674
What is 264a (base 11) in base 13?
174a
1100001010011 (base 2) to base 5
144402
-3314 (base 6) to base 13
-46c
Convert 3b1 (base 12) to base 11.
474
What is 13820 (base 12) in base 10?
27096
Convert a3b (base 14) to base 8.
3735
What is -1bf (base 16) in base 15?
-1ec
Convert 2249 (base 16) to base 7.
34406
-3322111 (base 4) to base 10
-16021
7978 (base 13) to base 8
41147
1012121 (base 3) to base 13
529
What is 120212 (base 6) in base 15?
3168
What is -1530 (base 6) in base 3?
-120100
What is 10101101101 (base 2) in base 15?
629
What is -322 (base 5) in base 14?
-63
-10a8 (base 13) to base 8
-4437
Convert -101011111 (base 2) to base 5.
-2401
-71073 (base 9) to base 8
-133202
234 (base 12) to base 10
328
What is -250 (base 11) in base 9?
-360
-3550 (base 9) to base 3
-10121200
What is -2695 (base 10) in base 8?
-5207
What is -8b (base 14) in base 9?
-146
What is -609a (base 11) in base 7?
-32413
Convert -15775 (base 8) to base 12.
-4191
455632 (base 7) to base 11
56068
223405 (base 7) to base 5
2232041
Convert -c5 (base 14) to base 4.
-2231
-112201100 (base 3) to base 13
-4b63
157 (base 9) to base 13
a3
-7184 (base 11) to base 16
-253a
1222 (base 3) to base 2
110101
What is 3310 (base 4) in base 7?
466
What is 31150 (base 7) in base 6?
55154
Convert 160a (base 13) to base 11.
2469
What is -100554 (base 7) in base 16?
-42c3
What is 1c81 (base 15) in base 4?
1200310
Convert 422 (base 12) to base 14.
310
What is -6322 (base 7) in base 6?
-14141
What is -16 (base 15) in base 9?
-23
Convert 442 (base 8) to base 3.
101202
What is 271 (base 9) in base 10?
226
Convert 24965 (base 10) to base 7.
132533
What is -102003 (base 4) in base 16?
-483
2110102 (base 5) to base 8
104323
210120 (base 3) to base 12
406
Convert 5994 (base 16) to base 12.
11330
-4633 (base 10) to base 12
-2821
5025 (base 7) to base 14
8bc
265d (base 15) to base 5
230223
What is -24034 (base 7) in base 9?
-8447
Convert 110312 (base 4) to base 3.
1211102
-110121 (base 3) to base 7
-664
-23330 (base 4) to base 2
-1011111100
What is -311436 (base 7) in base 12?
-26a90
What is 5382 (base 10) in base 14?
1d66
25b (base 16) to base 6
2443
What is 1122140 (base 5) in base 12?
b8b3
-4bd0 (base 15) to base 6
-202510
32a (base 15) to base 3
222111
What is a4 (base 15) in base 7?
310
What is -11300 (base 8) in base 6?
-34120
What is -48 (base 11) in base 9?
-57
Convert 3222 (base 10) to base 3.
11102100
What is 193 (base 16) in base 2?
110010011
What is -13130 (base 6) in base 11?
-1557
-b8b (base 12) to base 3
-2022122
Convert -12010 (base 5) to base 8.
-1560
-101001010101 (base 2) to base 9
-3558
-4b17 (base 12) to base 7
-33553
111011000111111 (base 2) to base 4
13120333
What is -237 (base 8) in base 2?
-10011111
Convert -11713 (base 8) to base 5.
-130232
What is -133141 (base 6) in base 9?
-17867
Convert -59b9 (base 13) to base 12.
-73aa
What is -1022111012 (base 3) in base 2?
-110010100001111
What is -220 (base 15) in base 8?
-740
What is -1303312 (base 4) in base 7?
-30421
What is a025 (base 13) in base 12?
10895
-11853 (base 15) to base 13
-1c584
-ee5 (base 16) to base 12
-2259
What is 124 (base 7) in base 9?
74
-16b1 (base 12) to base 13
-1318
-11000010010100 (base 2) to base 8
-30224
110000011100 (base 2) to base 13
1546
-1150 (base 8) to base 12
-434
14134 (base 6) to base 15
9cd
Convert 1210202 (base 3) to base 7.
3560
Convert 165 (base 8) to base 15.
7c
5201 (base 7) to base 11
13aa
What is -10220100012 (base 3) in base 12?
-38535
What is -17006 (base 10) in base 13?
-7982
-1011121 (base 3) to base 14
-44d
-462 (base 10) to base 11
-390
Convert -53 (base 7) to base 10.
-38
Convert -867 (base 9) to base 11.
-595
Convert -20211 (base 4) to base 2.
-1000100101
What is -860 (base 11) in base 12?
-722
What is -111335 (base 7) in base 9?
-30045
-14502 (base 6) to base 15
-a62
What is 75357 (base 8) in base 14?
b67d
-12022 (base 3) to base 16
-8f
Convert -4421 (base 9) to base 7.
-12334
Convert -1661 (base 11) to base 2.
-100001001100
What is -10202210 (base 3) in base 14?
-1004
What is -223 (base 12) in base 15?
-160
What is 97 (base 11) in base 5?
411
What is 111011011100000 (base 2) in base 3?
1112202010
What is -21447 (base 10) in base 11?
-15128
Convert -21441 (base 6) to base 10.
-2977
-46716 (base 8) to base 2
-100110111001110
644 (base 7) to base 16
146
Convert -103033 (base 4) to base 2.
-10011001111
Convert -e1df (base 16) to base 14.
-17103
What is -53556 (base 7) in base 3?
-200021100
-221012 (base 3) to base 12
-488
What is 201202102 (base 3) in base 8?
34102
Convert -101c (base 16) to base 11.
-310a
What is 35515 (base 6) in base 4?
1100213
What is 2787 (base 11) in base 9?
4844
What is bb3 (base 13) in base 11?
1563
What is 3130 (base 9) in base 11?
17a7
-110201221 (base 3) to base 13
-42c4
What is 4767 (base 8) in base 5?
40201
1010010111 (base 2) to base 4
22113
Convert 243 (base 9) to base 3.
21110
Convert -33c (base 14) to base 6.
-2550
2050 (base 8) to base 15
4ae
10030 (base 5) to base 11
532
37317 (base 8) to base 12
937b
What is -211435 (base 7) in base 9?
-55154
What is 43440 (base 6) in base 12?
3580
Convert -2c69 (base 15) to base 7.
-36561
Convert -271 (base 13) to base 11.
-361
Convert 144 (base 14) to base 5.
2011
-2201321 (base 4) to base 16
-2879
Convert 100012 (base 3) to base 12.
188
-1399 (base 13) to base 12
-177a
Convert -22200112 (base 4) to base 7.
-236311
15267 (base 8) to base 3
100101022
Convert -781 (base 13) to base 14.
-680
Convert -24aa (base 15) to base 3.
-101201021
What is 20012201 (base 3) in base 6?
32544
Convert -1010001001 (base 2) to base 14.
-345
Convert 341124 (base 5) to base 14.
455d
-279 (base 16) to base 15
-2c3
-3525 (base 6) to base 8
-1515
What is -d8 (base 15) in base 5?
-1303
Convert 1223223 (base 5) to base 9.
35281
Convert 324 (base 13) to base 14.
2a5
What is 633a (base 11) in base 16?
20c8
What is -11230 (base 4) in base 9?
-444
Convert 14334 (base 5) to base 12.
857
Convert -1001101001000111 (base 2) to base 8.
-115107
Convert -4eb8 (base 16) to base 4.
-10322320
What is -166 (base 11) in base 12?
-141
254 (base 16) to base 2
1001010100
What is 399 (base 11) in base 10?
471
Convert -681 (base 15) to base 4.
-112333
What is -100111101010011 (base 2) in base 3?
-1000212010
-1711 (base 15) to base 12
-2a5a
What is -7325 (base 13) in base 9?
-23745
Convert 5336 (base 7) to base 6.
12425
What is 13130 (base 6) in base 16?
7ce
Convert -5549 (base 14) to base 3.
-202020212
5aa (base 15) to base 14
67b
-80715 (base 10) to base 2
-10011101101001011
Convert 30442 (base 9) to base 14.
743b
b6 (base 13) to base 10
149
Convert -14b3 (base 16) to base 12.
-3097
What is ab7 (base 16) in base 15?
c2d
What is -126427 (base 8) in base 16?
-ad17
What is 18a28 (base 12) in base 10?
36032
What is -10113 (base 4) in base 6?
-1143
Convert 62532 (base 7) to base 11.
105a4
What is 25b (base 13) in base 8?
636
Convert 3820 (base 13) to base 14.
2c93
3004 (base 6) to base 7
1621
What is 9ac6 (base 15) in base 6?
411523
-42 (base 7) to base 5
-110
What is -78 (base 9) in base 3?
-2122
What is -bb9 (base 15) in base 9?
-3563
Convert 1010 (base 3) to base 15.
20
What is 124 (base 9) in base 13?
7c
What is 10415 (base 8) in base 9?
5880
Convert 11233 (base 8) to base 16.
129b
What is -110422 (base 7) in base 5?
-1110140
-3302 (base 5) to base 2
-111000100
Convert 1d6 (base 16) to base 2.
111010110
2472 (base 11) to base 7
12255
-222220 (base 3) to base 10
-726
-13234 (base 7) to base 9
-4777
-470 (base 12) to base 15
-2e0
What is 2ce7 (base 15) in base 11?
7299
15908 (base 12) to base 16
77d8
What is 210112110 (base 3) in base 13?
71b8
-25002 (base 8) to base 15
-32be
What is 1525 (base 8) in base 16?
355
What is -13b6 (base 14) in base 13?
-1788
Convert -458 (base 10)